
353, 1680839
List the prime factors of 238368601.
238368601
What are the prime factors of 83674609?
83674609
List the prime factors of 1777281014.
2, 17, 19, 37, 74357
What are the prime factors of 2078590626?
2, 3, 7, 5498917
List the prime factors of 3071167847.
11, 19, 14694583
List the prime factors of 651554302.
2, 7, 331, 140603
What are the prime factors of 8821373?
11, 53, 15131
What are the prime factors of 65403356?
2, 16350839
What are the prime factors of 611662788?
2, 3, 11, 17, 43, 2113
What are the prime factors of 165094210?
2, 5, 16509421
List the prime factors of 196269644.
2, 727, 67493
What are the prime factors of 14224831?
14224831
List the prime factors of 241155253.
23, 173, 60607
List the prime factors of 5612278558.
2, 19, 43, 180773
List the prime factors of 16737713.
109, 153557
List the prime factors of 409590029.
919, 445691
List the prime factors of 41427548.
2, 41, 252607
What are the prime factors of 2935327897?
107, 27432971
List the prime factors of 4937595722.
2, 419, 659, 8941
What are the prime factors of 667494562?
2, 7, 17, 400657
What are the prime factors of 1412331020?
2, 5, 70616551
List the prime factors of 5116334161.
17, 97, 1627, 1907
List the prime factors of 156167704.
2, 7, 11, 36217
What are the prime factors of 1054080466?
2, 137, 569, 6761
List the prime factors of 35242070.
2, 5, 3524207
List the prime factors of 262878899.
79, 463, 7187
List the prime factors of 7130076847.
89, 2017, 39719
What are the prime factors of 76629828?
2, 3, 11, 580529
List the prime factors of 48393524.
2, 331, 36551
What are the prime factors of 158669048?
2, 191, 103841
What are the prime factors of 26859379?
421, 63799
List the prime factors of 41493823.
7, 5927689
What are the prime factors of 17517866?
2, 8758933
What are the prime factors of 48015465?
3, 5, 139, 23029
What are the prime factors of 5699531265?
3, 5, 17, 103, 217001
What are the prime factors of 65369302?
2, 997, 32783
List the prime factors of 3109262640.
2, 3, 5, 11, 1177751
What are the prime factors of 413898608?
2, 31, 41, 20353
What are the prime factors of 25643474?
2, 1613, 7949
List the prime factors of 490459380.
2, 3, 5, 199, 41077
What are the prime factors of 84841279?
43, 1973053
What are the prime factors of 149352217?
7, 19, 41, 61, 449
List the prime factors of 1775331575.
5, 71013263
List the prime factors of 55677101.
6427, 8663
What are the prime factors of 1376259957?
3, 53, 961747
What are the prime factors of 21830094?
2, 3, 11, 13, 257
List the prime factors of 1171253072.
2, 11, 6654847
List the prime factors of 355201813.
31, 37, 53, 5843
List the prime factors of 251475989.
3329, 75541
List the prime factors of 142129489.
23, 487, 12689
What are the prime factors of 77632794?
2, 3, 251, 17183
What are the prime factors of 40863525?
3, 5, 23, 23689
List the prime factors of 171960535.
5, 23, 853, 1753
List the prime factors of 27702353.
7, 3957479
What are the prime factors of 2783483111?
16823, 165457
List the prime factors of 131114240.
2, 5, 102433
List the prime factors of 2269956578.
2, 1134978289
List the prime factors of 1020625802.
2, 7, 10414549
What are the prime factors of 3512416403?
29, 113, 157, 6827
What are the prime factors of 838116691?
838116691
List the prime factors of 2650789668.
2, 3, 17, 37, 331, 1061
List the prime factors of 84085080.
2, 3, 5, 103, 6803
List the prime factors of 3965250803.
181, 3931, 5573
What are the prime factors of 524568?
2, 3, 11, 1987
List the prime factors of 299605507.
1031, 290597
List the prime factors of 79735975.
5, 11, 43, 613
List the prime factors of 173116584.
2, 3, 23, 107, 977
List the prime factors of 11875401.
3, 17, 77617
List the prime factors of 29699477.
5333, 5569
List the prime factors of 8669126109.
3, 7, 58973647
List the prime factors of 481212896.
2, 61, 246523
List the prime factors of 5125358.
2, 7, 366097
List the prime factors of 221145758.
2, 17, 229, 28403
List the prime factors of 6616573106.
2, 11, 13, 53, 436507
List the prime factors of 167784848.
2, 7, 11, 136189
List the prime factors of 2338359496.
2, 11, 67, 396601
What are the prime factors of 25097649?
3, 8365883
What are the prime factors of 2273751622?
2, 19, 53, 149, 7577
List the prime factors of 111561817.
139, 802603
List the prime factors of 52069194.
2, 3, 23, 173, 727
List the prime factors of 72222332.
2, 7, 13, 198413
List the prime factors of 1132450027.
19, 2087, 28559
List the prime factors of 57166217.
79, 723623
List the prime factors of 142297835.
5, 28459567
List the prime factors of 2234863231.
17, 131462543
What are the prime factors of 36912100?
2, 5, 17, 21713
List the prime factors of 298262691.
3, 33140299
What are the prime factors of 217195593?
3, 19, 211, 18059
List the prime factors of 89332788.
2, 3, 7444399
List the prime factors of 6801225051.
3, 23, 89, 1107511
What are the prime factors of 113331636?
2, 3, 11, 31799
What are the prime factors of 149016523?
149016523
List the prime factors of 72715193.
43, 1691051
List the prime factors of 47994764.
2, 41, 311, 941
List the prime factors of 31846005.
3, 5, 707689
What are the prime factors of 108521425?
5, 191, 22727
List the prime factors of 61964116.
2, 17, 23, 39619
What are the prime factors of 188638320?
2, 3, 5, 13, 103, 587
What are the prime factors of 1718389?
1718389
What are the prime factors of 38341968?
2, 3, 7, 114113
What are the prime factors of 13817094?
2, 3, 131, 17579
List the prime factors of 158366398.
2, 79183199
What are the prime factors of 331175475?
3, 5, 1471891
What are the prime factors of 453298506?
2, 3, 17, 53, 71, 1181
What are the prime factors of 423417073?
423417073
List the prime factors of 4507083.
3, 7, 7949
What are the prime factors of 2995037349?
3, 998345783
List the prime factors of 280906678.
2, 13, 19, 53, 10729
What are the prime factors of 5999060648?
2, 7, 149, 397, 1811
What are the prime factors of 135744368?
2, 59, 143797
What are the prime factors of 111866517?
3, 7, 53, 33503
List the prime factors of 30716740.
2, 5, 1535837
List the prime factors of 295623400.
2, 5, 53, 167
List the prime factors of 7165471561.
7165471561
List the prime factors of 24386526.
2, 3, 67, 73, 277
What are the prime factors of 4381856168?
2, 257, 2131253
List the prime factors of 70086329.
113, 620233
List the prime factors of 41074153.
41074153
List the prime factors of 302438654.
2, 7, 21602761
List the prime factors of 910571481.
3, 101174609
What are the prime factors of 47675928?
2, 3, 1986497
List the prime factors of 77999395.
5, 15599879
What are the prime factors of 2311020954?
2, 3, 11, 1181, 9883
What are the prime factors of 49113670?
2, 5, 19, 73, 3541
List the prime factors of 317120358.
2, 3, 52853393
What are the prime factors of 1253832063?
3, 11, 571, 66541
List the prime factors of 898713536.
2, 7, 97, 20681
List the prime factors of 2230527797.
41, 127, 3373
List the prime factors of 3791412544.
2, 47, 61, 20663
List the prime factors of 61005574.
2, 7, 4357541
List the prime factors of 91951278.
2, 3, 61, 251233
What are the prime factors of 3471586764?
2, 3, 691, 418667
What are the prime factors of 654099786?
2, 3, 17, 237509
List the prime factors of 2439325050.
2, 3, 5, 16262167
What are the prime factors of 2025335391?
3, 675111797
What are the prime factors of 7669734910?
2, 5, 1483, 517177
What are the prime factors of 989101?
71, 13931
What are the prime factors of 146981954?
2, 7, 10498711
List the prime factors of 4346492.
2, 17, 41, 1559
What are the prime factors of 695684258?
2, 167, 2082887
List the prime factors of 2061795577.
41, 47, 1069951
What are the prime factors of 47449290?
2, 3, 5, 7, 225949
What are the prime factors of 731916573?
3, 37, 157, 41999
What are the prime factors of 318632129?
47, 1019, 6653
What are the prime factors of 1276779727?
19, 193, 348181
List the prime factors of 194849116.
2, 7, 11, 632627
What are the prime factors of 140248409?
7, 20035487
What are the prime factors of 102745335?
3, 5, 7, 11, 8087
What are the prime factors of 156803234?
2, 7, 1600033
List the prime factors of 1018702.
2, 397, 1283
What are the prime factors of 1890330364?
2, 13, 2137, 17011
What are the prime factors o